102
In base 5, what is -4 + 3111431?
3111422
In base 10, what is 637287 + 2?
637289
In base 6, what is 44 - -24411?
24455
In base 10, what is 101 - 102?
-1
In base 8, what is -2765 - -27?
-2736
In base 8, what is 24 - 2617?
-2573
In base 2, what is 11010 - 1101011110010001?
-1101011101110111
In base 5, what is 12 - -114200?
114212
In base 7, what is 3110 + 62?
3202
In base 8, what is -171441 - 3?
-171444
In base 2, what is -100 - 11010010100011?
-11010010100111
In base 9, what is -284 + -8744?
-10138
In base 14, what is -6 + -d8d?
-d95
In base 12, what is -597b3 - 5?
-597b8
In base 15, what is -e58 + -d?
-e66
In base 3, what is -1100020011 - 11?
-1100020022
In base 5, what is -41 - 34214?
-34310
In base 16, what is -2 - -29a8?
29a6
In base 9, what is 687 + -8181?
-7383
In base 8, what is 5 + 166674?
166701
In base 12, what is 4b98a0 + -4?
4b9898
In base 4, what is 0 + -2100221?
-2100221
In base 8, what is -24 + 1207?
1163
In base 2, what is 10 - -1001001001100101?
1001001001100111
In base 11, what is -847 + -8?
-854
In base 5, what is -1 - -23202112?
23202111
In base 12, what is -ba29 + -4?
-ba31
In base 15, what is -4 + -106132?
-106136
In base 11, what is 960aa1 - -5?
960aa6
In base 11, what is 5a934 - 2?
5a932
In base 4, what is -13123232 + -1001?
-13130233
In base 9, what is 8 - 125278?
-125270
In base 12, what is -100167 - 1?
-100168
In base 5, what is 341424022 + 1?
341424023
In base 12, what is -b5 + -151?
-246
In base 15, what is -95d3 + 26?
-95ac
In base 2, what is -1010100111010001 - -1?
-1010100111010000
In base 5, what is 31203 + 303?
32011
In base 11, what is -34 + 18a?
156
In base 16, what is 50 + 1c3?
213
In base 4, what is -2 + 3202333111?
3202333103
In base 9, what is -66826 - -7?
-66818
In base 11, what is 1a8 + 2361?
2559
In base 2, what is 100011011011000101111 + 101?
100011011011000110100
In base 15, what is 1d338 - -4?
1d33c
In base 7, what is -32 - 544?
-606
In base 4, what is 2111222 + -3?
2111213
In base 4, what is -123 + -213203?
-213332
In base 9, what is 3 + -75754?
-75751
In base 13, what is -133 - 7cc?
-932
In base 8, what is 0 - -43133?
43133
In base 13, what is 54 - -3c96?
401a
In base 13, what is -10881 + -11?
-10892
In base 14, what is 3d5d0a + 4?
3d5d10
In base 8, what is 67 + 67660?
67747
In base 3, what is 2 + -112012110?
-112012101
In base 8, what is -4 + 1207?
1203
In base 11, what is 384 + a57?
1330
In base 12, what is 13 - 834?
-821
In base 2, what is 1011001001 - 1110011?
1001010110
In base 9, what is -41 + 481?
440
In base 8, what is 2 - -27157?
27161
In base 8, what is 217 + -1720?
-1501
In base 14, what is 94633 + 2?
94635
In base 3, what is 201111 + -11111?
120000
In base 16, what is 0 + 323bb?
323bb
In base 8, what is 3 - 205756?
-205753
In base 10, what is 49 + 83647?
83696
In base 5, what is -1 - -14231430?
14231424
In base 3, what is 101110122 + 20220?
101201112
In base 12, what is 52 + 410?
462
In base 7, what is 1601 + -3525?
-1624
In base 4, what is -132311 - 20?
-132331
In base 4, what is 230 - 1122013?
-1121123
In base 7, what is -222242 + 4?
-222235
In base 3, what is 1221021 + -1101?
1212220
In base 13, what is -3 - 50a6?
-50a9
In base 14, what is -4c5 + -22?
-507
In base 5, what is -11232143 - -4?
-11232134
In base 14, what is -109d - -2?
-109b
In base 16, what is 38 + 337?
36f
In base 8, what is 75343 - -100?
75443
In base 14, what is 26 - 71d1?
-71a9
In base 4, what is 0 + -1330233?
-1330233
In base 9, what is -15 - 24468?
-24484
In base 14, what is 3 + -643?
-640
In base 9, what is 81 - -325?
416
In base 15, what is 20 + -e55?
-e35
In base 7, what is -545 - 16324?
-20202
In base 15, what is -227 + 69?
-1ad
In base 13, what is -3 - 2518?
-251b
In base 2, what is 11010011100011011 - -1000?
11010011100100011
In base 7, what is 3601 + -1?
3600
In base 9, what is 21 - -21?
42
In base 3, what is -111222 + -1212021?
-2101020
In base 2, what is -10 - 100010001110?
-100010010000
In base 13, what is 9874 + 3?
9877
In base 3, what is -10001 - -21211?
11210
In base 4, what is 120332 - 20010?
100322
In base 2, what is -1100000001000 - 100110001?
-1100100111001
In base 4, what is -33102 - -131?
-32311
In base 12, what is 75b41 - 11?
75b30
In base 8, what is 3 - -1651533?
1651536
In base 5, what is 3333100 - -14?
3333114
In base 4, what is 11132 + 322230?
1000022
In base 13, what is 3357c - 0?
3357c
In base 14, what is 12c + 62?
190
In base 16, what is -9efaa - 0?
-9efaa
In base 10, what is 1 + -1556?
-1555
In base 5, what is -4 - 2202413?
-2202422
In base 15, what is 4 - 2e33?
-2e2e
In base 8, what is 26657 - 3?
26654
In base 16, what is 6d9 + -71?
668
In base 2, what is 11 + 11000001110110?
11000001111001
In base 4, what is -301300230 - -3?
-301300221
In base 16, what is 771d + 19?
7736
In base 14, what is -1617 - 22?
-1639
In base 11, what is 134 - 62?
82
In base 16, what is -2c6 + 271?
-55
In base 11, what is 54 + 191?
235
In base 9, what is -23 - -1400?
1366
In base 6, what is -32 + 33332?
33300
In base 10, what is 196334 - 0?
196334
In base 3, what is 12 - 10000102210?
-10000102121
In base 6, what is 0 + 143524?
143524
In base 10, what is -112883 + 4?
-112879
In base 10, what is 203 + 1187?
1390
In base 16, what is 11f72 + a?
11f7c
In base 15, what is -28 + -173?
-19b
In base 3, what is 121000 + -222002101?
-221111101
In base 9, what is 3 + -4208?
-4205
In base 10, what is 15 + 1067?
1082
In base 11, what is 160 - -217?
377
In base 8, what is 7 - -1244533?
1244542
In base 14, what is -69a - -121?
-579
In base 2, what is 1 + 100110110000011101011?
100110110000011101100
In base 9, what is 51 - -55?
116
In base 10, what is 5 + -14207?
-14202
In base 8, what is 752 + 150?
1122
In base 12, what is -194688 - 3?
-19468b
In base 11, what is -7007 - 13?
-701a
In base 14, what is 5 - -13844?
13849
In base 16, what is -78be2 + -3?
-78be5
In base 11, what is 308 - -22?
32a
In base 7, what is -255543 - 22?
-255565
In base 10, what is 106 - -2880?
2986
In base 14, what is -2a9 - 2d0?
-599
In base 14, what is 3 - -349dd?
34a02
In base 6, what is 1155 + 2251?
3450
In base 16, what is -6b23 - -5?
-6b1e
In base 9, what is -12162 - -10?
-12152
In base 13, what is -62b4b - 1?
-62b4c
In base 4, what is -212113022 - -1?
-212113021
In base 7, what is -34302041 + -5?
-34302046
In base 13, what is -3 - 17350?
-17353
In base 9, what is -44 + 14438?
14384
In base 16, what is 59 - ba4?
-b4b
In base 4, what is 20221332 + -3?
20221323
In base 13, what is -783 - -76?
-70a
In base 5, what is -2 + 4300432?
4300430
In base 3, what is -1010202010 - 120?
-1010202200
In base 12, what is -82460 - -4?
-82458
In base 4, what is 332112 - -2?
332120
In base 12, what is -1 - 79493?
-79494
In base 8, what is -215 + 4052?
3635
In base 15, what is 47 + -b528?
-b4d1
In base 14, what is 41 + 3a?
7b
In base 8, what is 1004041 - 3?
1004036
In base 10, what is 85 + -3307?
-3222
In base 15, what is 29c7e - 2?
29c7c
In base 4, what is -11012330 - -13?
-11012311
In base 8, what is 0 + -50106?
-50106
In base 9, what is -3782454 - -4?
-3782450
In base 2, what is -11 - -1000111110000111001?
1000111110000110110
In base 4, what is 132232323 + 3?
132232332
In base 5, what is -141441 - 13?
-142004
In base 2, what is 1010000 - -10001000111?
10010010111
In base 7, what is -31006 + 11?
-30665
In base 15, what is 311 - -e3?
404
In base 13, what is 36089 + 18?
360a4
In base 12, what is -11 + 12a216?
12a205
In base 7, what is -650531 + 0?
-650531
In base 13, what is -6270 - 4?
-6274
In base 4, what is 3112320 + -1231?
3111023
In base 10, what is -205 - -1834?
1629
In base 3, what is -101211201120 - 22?
-101211201212
In base 8, what is -1722 + 43?
-1657
In base 2, what is 10000010010 + 101110?
10001000000
In base 6, what is -1441434 + -20?
-1441454
In base 2, what is -10101111110011100000 - -101?
-10101111110011011011
In base 7, what is -45515 - 1?
-45516
In base 3, what is -2011001 + 21110?
-1212121
In base 14, what is -2 + 1a07?
1a05
In base 5, what is 1103 - -4441?
11044
In base 16, what is 346 + 4?
34a
In base 8, what is 12246 - 1?
12245
In base 10, what is -61 - 312?
-373
In base 7, what is 12 + -135203?
-135161
In base 11, what is -6a20 - 295?
-7205
In base 2, what is 10 - 100001101011100110010?
-100001101011100110000
In base 2, what is 101 - -1010